?
1
What is the units digit of 25619618?
8
What is the hundred thousands digit of 443656876?
6
What is the units digit of 2023310605?
5
What is the ten thousands digit of 80907857?
0
What is the ten millions digit of 535112736?
3
What is the ten thousands digit of 36994903?
9
What is the units digit of 144573305?
5
What is the thousands digit of 69506069?
6
What is the ten thousands digit of 5480171?
8
What is the units digit of 53508099?
9
What is the ten millions digit of 205005946?
0
What is the hundred millions digit of 6465958618?
4
What is the tens digit of 5777355176?
7
What is the ten thousands digit of 56011403?
1
What is the millions digit of 859640657?
9
What is the thousands digit of 1658512319?
2
What is the ten thousands digit of 553892697?
9
What is the thousands digit of 976635305?
5
What is the thousands digit of 1703077003?
7
What is the ten millions digit of 22849544?
2
What is the tens digit of 19147399?
9
What is the hundred thousands digit of 29610196?
6
What is the units digit of 21212683?
3
What is the ten millions digit of 21728735?
2
What is the ten thousands digit of 474479190?
7
What is the tens digit of 4534551?
5
What is the ten thousands digit of 238861307?
6
What is the hundred thousands digit of 3894645341?
6
What is the hundred millions digit of 429648119?
4
What is the thousands digit of 1126936532?
6
What is the ten thousands digit of 71983577?
8
What is the hundred millions digit of 148828592?
1
What is the units digit of 118772477?
7
What is the ten thousands digit of 90898548?
9
What is the billions digit of 1994667753?
1
What is the units digit of 14227967?
7
What is the ten thousands digit of 114455578?
5
What is the units digit of 4506825670?
0
What is the tens digit of 6499523?
2
What is the units digit of 565060348?
8
What is the hundred millions digit of 2124060436?
1
What is the millions digit of 67684350?
7
What is the units digit of 1389093417?
7
What is the units digit of 386439970?
0
What is the hundred thousands digit of 372267274?
2
What is the tens digit of 236723802?
0
What is the millions digit of 184713764?
4
What is the ten millions digit of 22807668?
2
What is the thousands digit of 2076672888?
2
What is the billions digit of 3455128869?
3
What is the thousands digit of 188413580?
3
What is the ten thousands digit of 483234407?
3
What is the ten thousands digit of 230693826?
9
What is the thousands digit of 67167528?
7
What is the millions digit of 122616241?
2
What is the hundreds digit of 29465882?
8
What is the ten thousands digit of 2432037199?
3
What is the hundreds digit of 4482069267?
2
What is the millions digit of 813050875?
3
What is the hundred thousands digit of 1291526309?
5
What is the hundreds digit of 1151959?
9
What is the hundred thousands digit of 172234551?
2
What is the ten thousands digit of 394045022?
4
What is the thousands digit of 189109474?
9
What is the millions digit of 12715247?
2
What is the tens digit of 281233614?
1
What is the thousands digit of 152792775?
2
What is the thousands digit of 1329940566?
0
What is the ten millions digit of 59078483?
5
What is the hundred millions digit of 2980488718?
9
What is the millions digit of 1531553500?
1
What is the hundred millions digit of 117060698?
1
What is the hundreds digit of 2328924086?
0
What is the thousands digit of 31488182?
8
What is the ten thousands digit of 51285839?
8
What is the hundred millions digit of 251909791?
2
What is the ten millions digit of 39054713?
3
What is the hundred thousands digit of 689675093?
6
What is the ten thousands digit of 6881932141?
3
What is the ten millions digit of 23780389?
2
What is the ten thousands digit of 134573197?
7
What is the hundred millions digit of 113775310?
1
What is the units digit of 12053448?
8
What is the millions digit of 4220147162?
0
What is the hundreds digit of 88945030?
0
What is the tens digit of 3952455862?
6
What is the hundred thousands digit of 12344386?
3
What is the millions digit of 2458592275?
8
What is the ten thousands digit of 44389891?
8
What is the ten millions digit of 720464887?
2
What is the hundred thousands digit of 11677955?
6
What is the hundred millions digit of 672839147?
6
What is the millions digit of 576932310?
6
What is the ten millions digit of 1240388836?
4
What is the hundred millions digit of 3754007178?
7
What is the thousands digit of 842669892?
9
What is the units digit of 303849074?
4
What is the billions digit of 1121645114?
1
What is the units digit of 516167581?
1
What is the ten millions digit of 250923216?
5
What is the hundreds digit of 1221119089?
0
What is the tens digit of 84153024?
2
What is the tens digit of 157041966?
6
What is the thousands digit of 755014268?
4
What is the thousands digit of 830027009?
7
What is the hundreds digit of 1669047378?
3
What is the hundred thousands digit of 51695557?
6
What is the tens digit of 97257142?
4
What is the hundred thousands digit of 43019069?
0
What is the hundred millions digit of 9333504090?
3
What is the hundred millions digit of 396040422?
3
What is the units digit of 59507254?
4
What is the ten millions digit of 28713017?
2
What is the hundreds digit of 210056403?
4
What is the hundred thousands digit of 18566585?
5
What is the billions digit of 3083890428?
3
What is the hundreds digit of 997360637?
6
What is the hundred thousands digit of 18023764?
0
What is the tens digit of 89821684?
8
What is the tens digit of 83620393?
9
What is the hundred thousands digit of 58625558?
6
What is the hundreds digit of 420998348?
3
What is the ten millions digit of 304785811?
0
What is the hundreds digit of 620775944?
9
What is the ten thousands digit of 85891391?
9
What is the ten thousands digit of 77916297?
1
What is the hundreds digit of 915147368?
3
What is the tens digit of 1954901461?
6
What is the ten thousands digit of 310444095?
4
What is the millions digit of 484178956?
4
What is the tens digit of 1987138168?
6
What is the units digit of 2299551503?
3
What is the hundred millions digit of 9098277300?
0
What is the billions digit of 1945805220?
1
What is the units digit of 75961101?
1
What is the thousands digit of 2135539570?
9
What is the tens digit of 1451329211?
1
What is the thousands digit of 106224760?
4
What is the tens digit of 3135506737?
3
What is the hundred millions digit of 1514942497?
5
What is the thousands digit of 1571613269?
3
What is the ten thousands digit of 11735732?
3
What is the tens digit of 2699539028?
2
What is the tens digit of 38012780?
8
What is the ten millions digit of 1019343313?
1
What is the hundred thousands digit of 1071416134?
4
What is the units digit of 216960957?
7
What is the millions digit of 473772211?
3
What is the ten millions digit of 1140195785?
4
What is the thousands digit of 98272856?
2
What is the tens digit of 777503?
0
What is the hundred thousands digit of 192497320?
4
What is the thousands digit of 101498409?
8
What is the ten millions digit of 4073116235?
7
What is the tens digit of 63408888?
8
What is the millions digit of 4888775?
4
What is the tens digit of 160698976?
7
What is the hundreds digit of 460724246?
2
What is the millions digit of 7559019805?
9
What is the hundred millions digit of 196539474?
1
What is the tens digit of 407362164?
6
What is the hundreds digit of 5419200?
2
What is the units digit of 881366055?
5
What is the millions digit of 223236219?
3
What is the units digit of 23395228?
8
What is the millions digit of 140039975?
0
What is the hundreds digit of 853111595?
5
What is the millions digit of 2071504171?
1
What is the thousands digit of 2998847?
8
What is the units digit of 278722489?
9
What is the hundred thousands digit of 3700676?
7
What is the hundred millions digit of 352838683?
3
What is the units digit of 21759050?
0
What is the hundred thousands digit of 651093673?
0
What is the hundreds digit of 48839049?
0
What is the hundreds digit of 969333745?
7
What is the units digit of 925874618?
8
What is the tens digit of 1253663621?
2
What is the thousands digit of 39376645?
6
What is the ten millions digit of 442315976?
4
What is the hundred thousands digit of 102186713?
1
What is the tens digit of 43472336?
3
What is the units digit of 4243524?
4
What is the te